{"id":4940,"date":"2021-10-01T16:48:13","date_gmt":"2021-10-01T14:48:13","guid":{"rendered":"https:\/\/www.alucasa.com\/?post_type=viviendas-moviles&#038;p=4940"},"modified":"2025-06-30T13:21:01","modified_gmt":"2025-06-30T11:21:01","slug":"mediterraneo-pro","status":"publish","type":"viviendas-moviles","link":"https:\/\/www.alucasa.com\/en\/viviendas-moviles\/mediterraneo-pro\/","title":{"rendered":"MEDITERR\u00c1NEO (PROF)"},"content":{"rendered":"<p><strong>GAMA VACACIONAL<\/strong><\/p>\n<p>Este modelo, presenta una fachada preciosa, gracias a su gran entrada con terraza integrada (abatible) y pr\u00e1ctica cubierta con tejadillo. Interiormente, tiene una distribuci\u00f3n con cocina abierta y barra americana, espacioso sal\u00f3n, amplio cuarto de ba\u00f1o y dos acogedoras habitaciones.<\/p>\n<p><em style=\"box-sizing: border-box; font-size: 13.3333px; text-align: left;\">**Las fotograf\u00edas de interior son ejemplos del tipo de mobiliario que incluye esta GAMA. Estos pueden variar dependiendo de cada modelo.**<\/em><\/p>\n","protected":false},"excerpt":{"rendered":"<p>GAMA VACACIONAL Este modelo, presenta una fachada preciosa, gracias a su gran entrada con terraza integrada (abatible) y pr\u00e1ctica cubierta con tejadillo. Interiormente, tiene una distribuci\u00f3n con cocina abierta y barra americana, espacioso sal\u00f3n, amplio cuarto de ba\u00f1o y dos acogedoras habitaciones. **Las fotograf\u00edas de interior son ejemplos del tipo de mobiliario que incluye esta [&hellip;]<\/p>\n","protected":false},"featured_media":14366,"template":"","tipo-vivienda":[379],"class_list":["post-4940","viviendas-moviles","type-viviendas-moviles","status-publish","has-post-thumbnail","hentry","tipo-vivienda-viviendas-profesionales"],"acf":[],"_links":{"self":[{"href":"https:\/\/www.alucasa.com\/en\/wp-json\/wp\/v2\/viviendas-moviles\/4940","targetHints":{"allow":["GET"]}}],"collection":[{"href":"https:\/\/www.alucasa.com\/en\/wp-json\/wp\/v2\/viviendas-moviles"}],"about":[{"href":"https:\/\/www.alucasa.com\/en\/wp-json\/wp\/v2\/types\/viviendas-moviles"}],"wp:featuredmedia":[{"embeddable":true,"href":"https:\/\/www.alucasa.com\/en\/wp-json\/wp\/v2\/media\/14366"}],"wp:attachment":[{"href":"https:\/\/www.alucasa.com\/en\/wp-json\/wp\/v2\/media?parent=4940"}],"wp:term":[{"taxonomy":"tipo-vivienda","embeddable":true,"href":"https:\/\/www.alucasa.com\/en\/wp-json\/wp\/v2\/tipo-vivienda?post=4940"}],"curies":[{"name":"wp","href":"https:\/\/api.w.org\/{rel}","templated":true}]}}

MEDITERRÁNEO (PROF)

<p><strong>GAMA VACACIONAL</strong></p>
<p>Este modelo, presenta una fachada preciosa, gracias a su gran entrada con terraza integrada (abatible) y práctica cubierta con tejadillo. Interiormente, tiene una distribución con cocina abierta y barra americana, espacioso salón, amplio cuarto de baño y dos acogedoras habitaciones.</p>
<p><em style="box-sizing: border-box; font-size: 13.3333px; text-align: left;">**Las fotografías de interior son ejemplos del tipo de mobiliario que incluye esta GAMA. Estos pueden variar dependiendo de cada modelo.**</em></p>

<p>GAMA VACACIONAL Este modelo, presenta una fachada preciosa, gracias a su gran entrada con terraza integrada (abatible) y práctica cubierta con tejadillo. Interiormente, tiene una distribución con cocina abierta y barra americana, espacioso salón, amplio cuarto de baño y dos acogedoras habitaciones. **Las fotografías de interior son ejemplos del tipo de mobiliario que incluye esta [&hellip;]</p>
